 -6*u - c = -3*u. Let v = 38 + u. What is the units digit of v?
4
Suppose 2*k = -4, -5*m + 2*k = -2*k + 782. Let i(r) = -92*r**2 + r. Let w be i(1). Let j = w - m. What is the units digit of j?
7
Let m(u) = -81*u - 387. What is the units digit of m(-7)?
0
Suppose -340 = -8*d + 3*d. Let k = d - 48. Suppose -x = -0 - k. What is the units digit of x?
0
Let n(l) = 3*l**2 - 8. Let v = -11 + 7. What is the tens digit of n(v)?
4
Let f be 2/(-6)*(3 + 6). Let s be (f + -1)*(-43)/4. Let j = s - 24. What is the units digit of j?
9
Let l(y) = y**3 + 10*y**2 + 2*y + 12. Let r be l(-9). Let z = -3 + r. What is the units digit of z?
2
Let n(j) = 215*j + 37. What is the tens digit of n(8)?
5
Let h be 492/(-30) + 2/5. Let s = h - 4. Let l = 10 - s. What is the units digit of l?
0
Suppose 7*m + 4 = 9*m. Let f(u) = -3*u + 3*u**2 - 4*u**2 + 0*u**m + 2*u**2 + 9. What is the tens digit of f(-4)?
3
Let a(m) = -247*m + 309. What is the hundreds digit of a(-10)?
7
What is the units digit of 1/(-5) + (-66816)/(-80)?
5
What is the units digit of 2/4 + (2 - 11553/(-6))?
8
Let o = 8 - 3. Suppose -o*g + 21 = -2*g. Suppose -f - 4*f + h + 19 = 0, 4*h + g = -3*f. What is the units digit of f?
3
Suppose -36 = 4*q + 72. Let x = q - -13. Let n = 18 - x. What is the units digit of n?
2
Suppose -158*k = -3*f - 163*k + 2305, -5*f = 3*k - 3815. What is the units digit of f?
0
Let c = 518 - -714. What is the hundreds digit of c?
2
Let o(k) = k**3 - 5*k**2 - k + 7. Let z be o(5). Let l(p) = -3*p**2 - 17 + 4*p**2 + 16. What is the units digit of l(z)?
3
Let o be (-4)/14 - (-610)/(-70). Let a be (-12)/(-8)*222/o. What is the tens digit of a/(-2) + 6/4?
2
What is the units digit of (-6)/6 - (-1294 + (-4)/2)?
5
Let c = 82 - 58. Suppose -2*d + 86 = -c. What is the units digit of d?
5
Suppose -107*x + 6390 = -97*x. What is the units digit of x?
9
Let u(v) = 147*v + 2. What is the units digit of u(3)?
3
Let s(u) = -u**3 - 9*u**2 - 8*u + 5. Let w be s(-8). Suppose 2*v + w*d = 4*d + 123, -2*v + 5*d + 153 = 0. Suppose v = 4*m - 32. What is the tens digit of m?
2
What is the tens digit of 1 + -3*(-830)/15?
6
What is the thousands digit of 3/(-2)*(-29692)/39?
1
Let l be -2 - ((-34)/(-4) + (-6)/4). Let b = 41 + l. What is the tens digit of b?
3
Let z be (2/(-7))/((-7)/49). Suppose -369 + 151 = -z*c. What is the hundreds digit of c?
1
Suppose 2*u + 4 = 0, 0 = -3*m - 0*m - 4*u + 4. Let y(x) = 2*x - 25 + m*x - 3*x. What is the tens digit of y(17)?
2
Suppose -2*c = 4*u - c + 5, -15 = 3*u + 3*c. Suppose -3*p = -u*p - 33. Let q = p - 1. What is the units digit of q?
0
Let t = 9928 - 6059. What is the thousands digit of t?
3
Suppose 0 = -3*t + t - 3*l + 2896, 0 = 5*t - 2*l - 7278. What is the units digit of t?
4
Let n(r) = 6*r**3 - 8*r**2 + 17*r - 53. What is the units digit of n(5)?
2
Let m(c) = c**2 + 6*c - 7. Let h be m(-5). Let n(s) = -9*s - 3. Let z(w) = -w - 1. Let v(g) = h*z(g) + n(g). What is the units digit of v(4)?
1
Suppose -18*b + 14*b = 2*j - 14808, -3695 = -b + 3*j. What is the tens digit of b?
0
Let r = -20 + 29. Suppose -v - h = 1 + r, -8 = 2*h. Let c(j) = 2*j**2 + 6*j + 7. What is the tens digit of c(v)?
4
Suppose 91*r - 100*r + 20853 = 0. What is the hundreds digit of r?
3
Let d = -689 + 856. What is the hundreds digit of d?
1
Let j be (2 + (-32)/10)/(3/(-20)). What is the units digit of ((-106)/j)/(((-63)/(-72))/(-7))?
6
Let d(g) = 7*g**2 + 24*g - 42. What is the hundreds digit of d(8)?
5
Let i(k) = 5*k + 1. Let y be i(2). Suppose y - 36 = -5*b, -74 = -3*f + 2*b. Let r = 50 - f. What is the tens digit of r?
2
Let q(t) = 2409*t**2 - 24*t + 23. What is the tens digit of q(1)?
0
Let m be 8/(-3 + (-7)/(-2)). Suppose 7*o - 3*o - m = 0. What is the units digit of (-57)/(-3) + -1 + o?
2
Let i(a) = -12*a - 2*a**2 + 28 - 17 + a**2 + 4*a. Let r be i(-9). Suppose -76 = -r*b + 38. What is the units digit of b?
7
Let i(u) = u**2 - u + 10. Let s be -12 - 2 - (-6)/6. Let z = s + 13. What is the units digit of i(z)?
0
Suppose 41*x - 19426 = 27314. What is the hundreds digit of x?
1
Let r(x) = -2*x + 3*x + 7 + 2*x - x. Let v be r(7). Suppose 0 = 5*o + 2*m - v, o + 3*m = 4*o. What is the units digit of o?
3
What is the thousands digit of 105/140 + -1 + 22306/8?
2
Suppose -9*a = -18*a + 41949. What is the hundreds digit of a?
6
Let i(c) = 7*c**2 - 4*c - 9. Let u be i(-4). Suppose 3*b = -2*x + 379, b - 4*x - u = -x. What is the units digit of b?
5
Suppose 2*k = 11 - 5. Suppose 0 = -4*d - 0*d + n + 11, 15 = 4*d + k*n. Suppose 4*c = 20, 0 = 2*p - 2*c + d*c - 103. What is the tens digit of p?
4
Suppose -10 = -4*v - 2, 2*v + 72 = 4*h. Suppose -h = -8*k + 4*k - 3*n, -5*n = 4*k - 29. Let p = 28 + k. What is the units digit of p?
9
Let j(a) = a + 6. Let n be j(-3). Let l be 8*n*(-15)/(-18). Suppose 0 = -5*o - 5*c + l, 7*o + 2*c - 12 = 4*o. What is the units digit of o?
4
Let d = 14 + -8. Suppose -13*s = s - 224. Suppose 0 = -2*c + d*c - s. What is the units digit of c?
4
Let m(i) = 6*i - 2. Let r be m(-1). What is the units digit of r*1*(-1)/1 - -2?
0
Let q = 2300 + -645. What is the units digit of q?
5
Suppose -5*q + 25 = 0, 7*q - 3*q = 2*t - 2184. What is the units digit of t?
2
Suppose -5*p + 3*j + 47 = 0, -7 + 2 = -5*j. Suppose w = p + 64. What is the tens digit of w?
7
Let p(k) = 86*k + 23. What is the tens digit of p(10)?
8
Let x be (-85)/(-6) - (-16)/(-96). Let l(f) = -f + 9. Let r be l(x). Let s(w) = -7*w - 7. What is the units digit of s(r)?
8
Let l = 1008 + -1676. What is the units digit of l/(-6) + 12/18?
2
Let p(q) = 8*q**2 + 2*q - 2. Suppose o - 5*r + 18 = 0, 3*o - r + 15 = -o. What is the units digit of p(o)?
4
Suppose -14*n + 10*n - 20 = 0. Let x(c) = -3*c**2 - 6*c. Let i be x(n). Let y = -23 - i. What is the tens digit of y?
2
Suppose -2*v = -12 + 8. Suppose -z + 6 = 3*t + v*z, 4*z + 7 = t. Let g = t + 5. What is the units digit of g?
8
Let p = -1527 - -2325. What is the hundreds digit of p?
7
Let z(x) = -20*x - 119. What is the hundreds digit of z(-19)?
2
Suppose g = 4*g + 5*x - 31, -2*g - x = -9. Suppose 20*n - 288 = 16*n. Suppose g*k = 18 + n. What is the units digit of k?
5
Let h = -5 + 7. Let f(a) = 8*a**3 + 2*a**2 - 3*a - 1. What is the tens digit of f(h)?
6
Let u(w) = 26*w**3 + 5*w**2 + 6*w + 5. Let r(o) = -5*o**3 - o**2 - o - 1. Let n(y) = 11*r(y) + 2*u(y). What is the tens digit of n(-2)?
1
Let i(g) = 2*g + 71. What is the units digit of i(-14)?
3
Let q(y) = 2*y**3 + y**2 - 2*y - 1. Let v be q(2). Let z be -1 + 1 + 2 + 23. Let j = z - v. What is the tens digit of j?
1
Let o(y) = 69*y - 163. What is the tens digit of o(20)?
1
What is the tens digit of 326 + (352/(-154) - 2/(-7))?
2
Let w(b) = -b**3 - 5*b**2 + 4*b - 6. Let o be w(-6). Let a(f) = 11*f - 1. What is the units digit of a(o)?
5
Suppose -i - 4*f = -9 - 1, 3*i = -4*f + 14. Suppose i*a = -46 + 300. What is the hundreds digit of a?
1
Suppose 20 = b + 4*b. Suppose -3*q - q = -5*f + 243, 2*q = -f + 57. Suppose -b*n + 93 = -f. What is the tens digit of n?
3
What is the tens digit of -2 - -2 - 815/(-10)*2?
6
What is the hundreds digit of 2 + -1 - (6 - 173)?
1
Let y(v) = 2 - 3*v - 2*v + 2*v + 3*v**2. Let i be (-4)/(-6)*96/16. What is the tens digit of y(i)?
3
Let o(u) = -u**2 + 7*u**2 + u - u - 1. Let h be o(-1). Suppose 21 = h*p - 84. What is the tens digit of p?
2
Let a be 36 - 3*(-4)/(-3). Suppose -4*v = 3*u - 60, 2*v + 3*u - a = -2. What is the units digit of v?
5
Let g be (-6 - -4)*2 + 8. Suppose g*i = -4, -4*z = -3*z + i - 2. Suppose m + m - 29 = 3*l, 0 = z*m - l - 33. What is the tens digit of m?
1
Let u be 13 + (-2)/(-2) + 1. Suppose -g = -2*h - 28, -u = -5*g - h + 70. What is the tens digit of g?
1
What is the tens digit of 273/39 - (6*-403 - 0)?
2
Let r(o) = 16*o - 3 - 2 + 4. Suppose -2*u - 35*u = -37. What is the tens digit of r(u)?
1
Suppose -2*t - 310 - 488 = -2*w, 0 = -3*w + 2*t + 1201. What is the units digit of w?
3
Let i = -13 - -16. Suppose 50 = -i*k - 2*k. What is the tens digit of 246/10 + 6/k?
2
Let r = 7 - 3. Suppose 5*n + r*x - 48 = 0, 2*n - 21 = -0*n - x. Suppose 9*w + 168 = n*w. What is the units digit of w?
6
Let f = 237 + -54. What is the hundreds digit of f?
1
Let d = -38 + 18. Let k = d + 40. What is the tens digit of k?
2
Let r be ((-9)/6)/(24/(-64)). Suppose y = -u + 16, -r*y + 5*u - 5 + 60 = 0. What 